1b2b9
Convert 26b8ab9 (base 13) to base 3.
211222120210010
Convert -a4847 (base 11) to base 5.
-14342003
Convert 13404130113 (base 5) to base 6.
1413500225
What is 102300130221 (base 4) in base 15?
671d73
-248b164 (base 13) to base 14
-17276c8
What is 42314252 (base 6) in base 10?
1238648
-3484313 (base 9) to base 2
-111001100011111100010
What is -6b14 (base 14) in base 2?
-100100011001110
Convert -275ba (base 13) to base 6.
-1324135
What is -10010000110110 (base 2) in base 12?
-5446
Convert -21312442 (base 7) to base 2.
-110111011111101100101
-3115a (base 15) to base 3
-21220101111
330507 (base 9) to base 4
300021322
What is 502238 (base 10) in base 9?
844842
What is -203231302 (base 4) in base 10?
-146290
1000200001 (base 4) to base 10
264193
What is 46309 (base 13) in base 9?
214447
What is c96e8 (base 15) in base 8?
2340723
What is 12745110 (base 8) in base 15?
3ba4c2
What is -122102021 (base 4) in base 9?
-173608
a60755 (base 11) to base 8
6366677
Convert 1008382 (base 11) to base 15.
2532e2
Convert 10101111110111111100000 (base 2) to base 6.
323304424
-61b79 (base 12) to base 2
-11111001101001101
What is -2a8a227 (base 11) in base 8?
-24120765
Convert 23326 (base 16) to base 4.
203030212
What is 179a20 (base 11) in base 10?
276749
5301240 (base 6) to base 7
2120016
Convert -44651 (base 15) to base 5.
-23424201
-1827145 (base 10) to base 5
-431432040
Convert -107263 (base 8) to base 3.
-1212010000
What is 20566646 (base 7) in base 11?
a94262
Convert -aa2857 (base 12) to base 3.
-12002012012011
Convert -101020021 (base 4) to base 6.
-1300441
What is 112125 (base 12) in base 13?
97472
1020034 (base 5) to base 10
16894
-10220132223 (base 4) to base 11
-75a421
20112222201120 (base 3) to base 16
35282a
What is 32343141 (base 5) in base 2?
1000011110110100001
What is 156636 (base 12) in base 9?
614016
Convert -271078 (base 12) to base 6.
-21452232
What is -20001020010001 (base 3) in base 15?
-436e0a
What is 763497 (base 10) in base 14?
15c357
Convert 30a35a (base 13) to base 14.
218219
Convert -15040602 (base 7) to base 5.
-330443223
Convert -254881 (base 10) to base 8.
-761641
What is -402111431 (base 5) in base 3?
-10000011200121
What is 6cb5b (base 15) in base 5?
42044221
-1236361 (base 8) to base 7
-2626551
Convert -224040231 (base 5) to base 2.
-11110100110001000110
-25414531 (base 9) to base 7
-210662332
Convert -35973c (base 13) to base 3.
-2101220122220
What is -166154636 (base 7) in base 5?
-10412124313
Convert 5401635 (base 7) to base 4.
2200030020
-10220212100102 (base 3) to base 14
-3c3544
Convert -92139 (base 11) to base 6.
-2515042
216c (base 16) to base 2
10000101101100
-c2e4fe (base 16) to base 12
-433b67a
1001100100101011010 (base 2) to base 14
82466
Convert -15564 (base 12) to base 13.
-1096c
What is f23e (base 16) in base 9?
104054
Convert 11233222201 (base 4) to base 11.
939499
Convert 743770 (base 10) to base 4.
2311211122
What is -75005 (base 10) in base 2?
-10010010011111101
-12012121120 (base 3) to base 11
-70019
-56c055 (base 15) to base 16
-3f3095
Convert -1042975 (base 13) to base 2.
-10010110111110001111000
Convert -5c4ba0 (base 14) to base 4.
-30010103320
What is -523044513 (base 6) in base 4?
-202232230131
-47493 (base 15) to base 10
-227163
What is 7d4739 (base 15) in base 10?
5988879
-19c6a7 (base 13) to base 6
-22020213
What is -10000011101111000011111 (base 2) in base 7?
-51456066
What is -3688b (base 12) in base 5?
-4330320
-22210102100121 (base 3) to base 10
-4673149
Convert -232576 (base 11) to base 13.
-cc186
Convert 1010220231203 (base 4) to base 9.
36763118
What is -c1586 (base 14) in base 8?
-1613702
Convert 4353030 (base 7) to base 14.
dc8c0
Convert 902020 (base 13) to base 5.
1324033212
What is -21870 (base 9) in base 2?
-11100011100010
Convert -1995385 (base 11) to base 15.
-4657d5
-121130030 (base 4) to base 13
-38579
-321103344 (base 6) to base 12
-1a87b54
316012 (base 7) to base 2
1101011001101001
-7a776 (base 11) to base 16
-1c7f7
What is 34a09 (base 13) in base 5?
11034140
-135410 (base 9) to base 4
-110030112
What is -101021033102 (base 4) in base 2?
-10001001001001111010010
-21202033 (base 4) to base 9
-58514
-161451610 (base 7) to base 8
-51460041
What is -60650330 (base 7) in base 12?
-1838b15
-74db8b (base 15) to base 9
-11421175
What is 10132323232 (base 4) in base 10?
1175278
-270118 (base 10) to base 2
-1000001111100100110
What is -233233241 (base 5) in base 7?
-12050441
Convert 3365662 (base 7) to base 10.
419827
Convert -1020370 (base 8) to base 16.
-420f8
What is -41445645 (base 7) in base 14?
-66c195
Convert 3013100 (base 6) to base 8.
425174
What is -2c167 (base 13) in base 3?
-11020212111
-62a466 (base 11) to base 13
-294614
6589267 (base 11) to base 14
1770431
Convert -1d22f (base 16) to base 13.
-42423
Convert -4b2a07 (base 12) to base 6.
-42154411
Convert 712447 (base 8) to base 16.
39527
Convert -1634615 (base 7) to base 15.
-47582
-101100111100000010 (base 2) to base 4
-230330002
What is 232001241 (base 5) in base 6?
34235315
What is -100010011101110011101 (base 2) in base 4?
-10103232131
Convert -2a32a (base 11) to base 2.
-1010011111101011
What is -2b2a85 (base 14) in base 13?
-4094cc
-40622521 (base 7) to base 15
-472977
Convert 4214312 (base 5) to base 12.
34599
Convert 210102210221101 (base 3) to base 7.
165560032
Convert -7946 (base 16) to base 9.
-46525
76a70 (base 13) to base 6
4334510
-2103433 (base 6) to base 16
-18e0d
32236605 (base 7) to base 15
394836
Convert -233254 (base 9) to base 4.
-202032103
Convert 102220202221002 (base 3) to base 14.
bac1ac
122010334 (base 5) to base 16
8d51c
Convert -1516303 (base 7) to base 15.
-411cd
-2b5a2 (base 12) to base 14
-184c2
Convert -57c055 (base 15) to base 5.
-2033114310
-1b5b0 (base 12) to base 11
-28556
Convert -ba37bc (base 14) to base 8.
-30044152
-22241653 (base 7) to base 3
-10121212100121
-384cc (base 13) to base 5
-11312403
Convert -53b13 (base 12) to base 3.
-12121112020
Convert 49abca (base 13) to base 12.
712148
-11312032 (base 6) to base 2
-1010101110110110100
Convert 4662a6 (base 12) to base 4.
10110000132
What is -11011011100111011000011 (base 2) in base 13?
-164c6ca
-251a5 (base 12) to base 2
-1100010011001101
Convert 215418a (base 11) to base 8.
16334411
What is 6a784 (base 16) in base 15?
89335
Convert 165498 (base 13) to base 12.
228a39
Convert -11202111011 (base 3) to base 6.
-2001351
323260 (base 9) to base 5
22131142
-4525538 (base 9) to base 11
-1415960
-1010110010010100101 (base 2) to base 13
-c4b51
-846102 (base 10) to base 15
-11aa6c
56155 (base 7) to base 8
33510
What is 12222012101012 (base 3) in base 10?
3172883
1432738 (base 9) to base 4
3000232010
Convert 3000334 (base 5) to base 11.
3231a
What is -10103211 (base 4) in base 13?
-8049
30541233 (base 6) to base 16
d7dd5
What is 17783726 (base 9) in base 10?
8971665
What is 6f18f (base 16) in base 11?
290987
What is -160eab (base 15) in base 13?
-2b4537
What is -10101010011111001100 (base 2) in base 5?
-134321231
What is 1022077 (base 10) in base 14?
1c8697
-198668 (base 11) to base 13
-a8653
Convert -573aa (base 14) to base 2.
-110011110000111010
Convert 2021310330 (base 4) to base 10.
564540
What is 1042256 (base 7) in base 16?
1f44e
What is -3b7bc (base 14) in base 6?
-3052230
What is 45cb2 (base 13) in base 12?
6188a
Convert e1b29 (base 16) to base 14.
1a0c89
What is -36460106 (base 7) in base 4?
-30123131210
cbc4a (base 15) to base 4
2132003203
Convert -9b1077 (base 15) to base 8.
-34152661
1960a5 (base 11) to base 12
126189
What is -1253791 (base 10) in base 15?
-19b761
Convert -25071760 (base 8) to base 4.
-111013033300
-433452123 (base 6) to base 4
-131200233303
Convert -23b8090 (base 13) to base 10.
-11099361
10530222 (base 8) to base 12
917782
Convert -414214 (base 12) to base 6.
-33533224
Convert 2261156 (base 8) to base 3.
1011020122121
What is 25a664 (base 15) in base 5?
430311234
-121021133331 (base 4) to base 8
-31113775
8851216 (base 10) to base 8
41607420
What is -2a7137 (base 12) in base 2?
-10101111000111111011
Convert -1001011100010000 (base 2) to base 5.
-2214142
Convert 22635b (base 12) to base 3.
1000221110122
What is -26740 (base 14) in base 5?
-11012344
Convert -2020012021 (base 3) to base 11.
-2aa73
-41440133 (base 5) 